{"id":534,"date":"2016-07-02T13:18:41","date_gmt":"2016-07-02T13:18:41","guid":{"rendered":"http:\/\/martinastoesselfrance.net\/Musica\/?page_id=534"},"modified":"2017-07-21T17:00:39","modified_gmt":"2017-07-21T17:00:39","slug":"prestations-en-2016","status":"publish","type":"page","link":"https:\/\/martinastoesselfrance.net\/Musica\/?page_id=534","title":{"rendered":"Prestations en 2016"},"content":{"rendered":"<p><strong>2016 :<\/strong><\/p>\n<p><\/br> <\/br> <u>Chez Le Parisien<\/u><br \/>\n<center> <iframe loading=\"lazy\" width=\"350\" height=\"197\" src=\"https:\/\/www.youtube.com\/embed\/-K8eUN_BjWU\" frameborder=\"0\" allowfullscreen><\/iframe> <\/center><\/p>\n<p><\/br> <u>Chez NRJ<\/u><br \/>\n<center> <iframe loading=\"lazy\" width=\"350\" height=\"197\" src=\"https:\/\/www.youtube.com\/embed\/waD3NTu18IA\" frameborder=\"0\" allowfullscreen><\/iframe> <iframe loading=\"lazy\" width=\"350\" height=\"197\" src=\"https:\/\/www.youtube.com\/embed\/pmYhycEdHQw\" frameborder=\"0\" allowfullscreen><\/iframe> <iframe loading=\"lazy\" width=\"350\" height=\"197\" src=\"https:\/\/www.youtube.com\/embed\/K6SY6y98iis\" frameborder=\"0\" allowfullscreen><\/iframe> <\/center><\/p>\n<p><\/br> <u>AVP de \u00ab\u00a0Tini, le Film\u00a0\u00bb \u00e0 Rome<\/u><br \/>\n<center> <iframe loading=\"lazy\" width=\"350\" height=\"197\" src=\"https:\/\/www.youtube.com\/embed\/yhgTukuJFFY\" frameborder=\"0\" allowfullscreen><\/iframe> <iframe loading=\"lazy\" width=\"350\" height=\"197\" src=\"https:\/\/www.youtube.com\/embed\/G2lQy93bF8k\" frameborder=\"0\" allowfullscreen><\/iframe> <\/center><\/p>\n<p><\/br> <u>TINI Fan Event \u00e0 Rome<\/u><br \/>\n<center> <iframe loading=\"lazy\" width=\"350\" height=\"263\" src=\"https:\/\/www.youtube.com\/embed\/Lr3A3HhhuQs\" frameborder=\"0\" allowfullscreen><\/iframe> <\/center><\/p>\n<p><\/br> <u>Tini chez MusiMundo<\/u><br \/>\n<center> <iframe loading=\"lazy\" width=\"350\" height=\"197\" src=\"https:\/\/www.youtube.com\/embed\/a0bhJMa3yTo\" frameborder=\"0\" allowfullscreen><\/iframe> <\/center><\/p>\n<p><\/br> <u>Nunca Es Tarde<\/u><br \/>\n<center> <iframe loading=\"lazy\" width=\"350\" height=\"197\" src=\"https:\/\/www.youtube.com\/embed\/olMh6F9dC4A?ecver=1\" frameborder=\"0\" allowfullscreen><\/iframe> <iframe loading=\"lazy\" width=\"350\" height=\"197\" src=\"https:\/\/www.youtube.com\/embed\/gzvD2fhQR_A\" frameborder=\"0\" allowfullscreen><\/iframe> <\/center><\/p>\n<p><\/br> <u>TINI Fan Event \u00e0 Mexico<\/u><br \/>\n<center> <iframe loading=\"lazy\" width=\"350\" height=\"197\" src=\"https:\/\/www.youtube.com\/embed\/wZK-LV9GKy8?ecver=1\" frameborder=\"0\" allowfullscreen><\/iframe> <\/center><\/p>\n<p><\/br> <u>Showcase TKM<\/u><br \/>\n<center> <iframe loading=\"lazy\" width=\"350\" height=\"197\" src=\"https:\/\/www.youtube.com\/embed\/padOibjszgU?ecver=1\" frameborder=\"0\" allowfullscreen><\/iframe> <\/center><\/p>\n<p><\/br> <u>Proyecto Alma<\/u><br \/>\n<center> <iframe loading=\"lazy\" width=\"350\" height=\"197\" src=\"https:\/\/www.youtube.com\/embed\/HYTR7zLjXxM\" frameborder=\"0\" allowfullscreen><\/iframe> <iframe loading=\"lazy\" width=\"350\" height=\"197\" src=\"https:\/\/www.youtube.com\/embed\/R2tFL2s4Mls\" frameborder=\"0\" allowfullscreen><\/iframe> <iframe loading=\"lazy\" width=\"350\" height=\"197\" src=\"https:\/\/www.youtube.com\/embed\/A55oLAkDvSo\" frameborder=\"0\" allowfullscreen><\/iframe> <\/center><\/p>\n<p><\/br> <u>Usina Del Arte<\/u><br \/>\n<center> <iframe loading=\"lazy\" width=\"350\" height=\"263\" src=\"https:\/\/www.youtube.com\/embed\/q6Ijs7t6OaI\" frameborder=\"0\" allowfullscreen><\/iframe> <iframe loading=\"lazy\" width=\"350\" height=\"197\" src=\"https:\/\/www.youtube.com\/embed\/Z-0DNq8R-U4\" frameborder=\"0\" allowfullscreen><\/iframe> <iframe loading=\"lazy\" width=\"350\" height=\"263\" src=\"https:\/\/www.youtube.com\/embed\/vZvujCDnE_A\" frameborder=\"0\" allowfullscreen><\/iframe> <iframe loading=\"lazy\" width=\"350\" height=\"197\" src=\"https:\/\/www.youtube.com\/embed\/ng148SLn0bI\" frameborder=\"0\" allowfullscreen><\/iframe> <\/center><\/p>\n<p><\/br> <u>El Buscador<\/u><br \/>\n<center> <iframe loading=\"lazy\" width=\"350\" height=\"197\" src=\"https:\/\/www.youtube.com\/embed\/A86GYu3yUaU?ecver=1\" frameborder=\"0\" allowfullscreen><\/iframe> <\/center><\/p>\n<p><\/br> <u>Luciano Pereyra y Tini Stoessel en vivo en el Luna Park<\/u><br \/>\n<center> <iframe loading=\"lazy\" width=\"350\" height=\"197\" src=\"https:\/\/www.youtube.com\/embed\/8lNGLM6uUTA\" frameborder=\"0\" allowfullscreen><\/iframe> <\/center><\/p>\n<p><\/br> <u>\u00a1Tini Stoessel canta \u00ab\u00a0Great Escape\u00a0\u00bb y \u00ab\u00a0Siempre Brilaras\u00a0\u00bb ! &#8211; Susana Gim\u00e9nez<\/u><br \/>\n<center> <iframe loading=\"lazy\" width=\"350\" height=\"197\" src=\"https:\/\/www.youtube.com\/embed\/ut7Unuo2atw\" frameborder=\"0\" allowfullscreen><\/iframe> <iframe loading=\"lazy\" width=\"350\" height=\"197\" src=\"https:\/\/www.youtube.com\/embed\/MD-anIUAr_Y\" frameborder=\"0\" allowfullscreen><\/iframe> <\/center><\/p>\n<p><\/br> <u>Morfi Telefe<\/u><br \/>\n<center><iframe loading=\"lazy\" width=\"350\" height=\"197\" src=\"https:\/\/www.youtube.com\/embed\/ES0x3L8D29A\" frameborder=\"0\" allowfullscreen><\/iframe><\/center><\/p>\n<p><\/br> <u>Tini en el Barrio 31 28\/08\/16<\/u><br \/>\n<center><iframe loading=\"lazy\" width=\"350\" height=\"197\" src=\"https:\/\/www.youtube.com\/embed\/8q_r-5H9NS0?ecver=1\" frameborder=\"0\" allowfullscreen><\/iframe><\/center><\/p>\n<p><\/br> <u>Lo que tu alma escribe &#8211; Tini Stoessel en ACM<\/u><br \/>\n<center> <iframe loading=\"lazy\" width=\"350\" height=\"197\" src=\"https:\/\/www.youtube.com\/embed\/4Oz-bmc26H8\" frameborder=\"0\" allowfullscreen><\/iframe> <\/center><\/p>\n<p><\/br> <u>Martina Stoessel en Polonia canta Great Escape<\/u><br \/>\n<center> <iframe loading=\"lazy\" width=\"350\" height=\"197\" src=\"https:\/\/www.youtube.com\/embed\/jz0-xLYRdao\" frameborder=\"0\" allowfullscreen><\/iframe> <iframe loading=\"lazy\" width=\"350\" height=\"197\" src=\"https:\/\/www.youtube.com\/embed\/rvGjdLJgLPM\" frameborder=\"0\" allowfullscreen><\/iframe> <\/center><\/p>\n<p><\/br> <u>Fan 2 Live en France<\/u><br \/>\n<center> <iframe loading=\"lazy\" width=\"350\" height=\"197\" src=\"https:\/\/www.youtube.com\/embed\/pU9Bcw4QScI\" frameborder=\"0\" allowfullscreen><\/iframe> <\/center><\/p>\n<p><\/br> <u>Tini Stoessel y Odino Faccia: \u00ab\u00a0Somos el cambio\u00a0\u00bb (En Vivo &#8211; Mirtha Legrand)<\/u><br \/>\n<center> <iframe loading=\"lazy\" width=\"350\" height=\"197\" src=\"https:\/\/www.youtube.com\/embed\/upeVVWvG6QI\" frameborder=\"0\" allowfullscreen><\/iframe> <\/center><\/p>\n<p><\/br> <u>Promo Espagne + Italie <\/u><br \/>\n<center> <iframe loading=\"lazy\" width=\"350\" height=\"197\" src=\"https:\/\/www.youtube.com\/embed\/A1Wi_uIYOgU\" frameborder=\"0\" allowfullscreen><\/iframe> <iframe loading=\"lazy\" width=\"350\" height=\"197\" src=\"https:\/\/www.youtube.com\/embed\/u-KbJLZhmHc\" frameborder=\"0\" allowfullscreen><\/iframe> <iframe loading=\"lazy\" width=\"350\" height=\"197\" src=\"https:\/\/www.youtube.com\/embed\/LvOJxU3YCGs\" frameborder=\"0\" allowfullscreen><\/iframe> <\/center><\/p>\n<p><\/br> <u>Promo Tini, Le Film en Allemagne <\/u><br \/>\n<center> <iframe loading=\"lazy\" width=\"350\" height=\"197\" src=\"https:\/\/www.youtube.com\/embed\/h1_9aySDgUA\" frameborder=\"0\" allowfullscreen><\/iframe> <iframe loading=\"lazy\" width=\"350\" height=\"197\" src=\"https:\/\/www.youtube.com\/embed\/CZ3oMaXNGnM\" frameborder=\"0\" allowfullscreen><\/iframe> <iframe loading=\"lazy\" width=\"350\" height=\"197\" src=\"https:\/\/www.youtube.com\/embed\/bSLuedZb434\" frameborder=\"0\" allowfullscreen><\/iframe> <iframe loading=\"lazy\" width=\"350\" height=\"197\" src=\"https:\/\/www.youtube.com\/embed\/GgvQMnGDfbE\" frameborder=\"0\" allowfullscreen><\/iframe> <\/center><\/p>\n<p><\/br> <u>Tini Stoessel &#8211; \u00ab\u00a0Siempre brillar\u00e1s\u00a0\u00bb en vivo<\/u><br \/>\n<center> <<iframe loading=\"lazy\" width=\"350\" height=\"197\" src=\"https:\/\/www.youtube.com\/embed\/GYREBR8RF7g\" frameborder=\"0\" allowfullscreen><\/iframe> <\/center><\/p>\n","protected":false},"excerpt":{"rendered":"<p>2016 : Chez Le Parisien Chez NRJ AVP de \u00ab\u00a0Tini, le Film\u00a0\u00bb \u00e0 Rome TINI Fan Event \u00e0 Rome Tini chez MusiMundo Nunca Es Tarde TINI Fan Event \u00e0 Mexico Showcase TKM Proyecto Alma Usina Del Arte El Buscador Luciano Pereyra y Tini Stoessel en vivo en el Luna Park \u00a1Tini Stoessel canta \u00ab\u00a0Great Escape\u00a0\u00bb [&hellip;]<\/p>\n","protected":false},"author":1,"featured_media":0,"parent":0,"menu_order":0,"comment_status":"closed","ping_status":"closed","template":"","meta":{"footnotes":""},"class_list":["post-534","page","type-page","status-publish","hentry"],"_links":{"self":[{"href":"https:\/\/martinastoesselfrance.net\/Musica\/index.php?rest_route=\/wp\/v2\/pages\/534","targetHints":{"allow":["GET"]}}],"collection":[{"href":"https:\/\/martinastoesselfrance.net\/Musica\/index.php?rest_route=\/wp\/v2\/pages"}],"about":[{"href":"https:\/\/martinastoesselfrance.net\/Musica\/index.php?rest_route=\/wp\/v2\/types\/page"}],"author":[{"embeddable":true,"href":"https:\/\/martinastoesselfrance.net\/Musica\/index.php?rest_route=\/wp\/v2\/users\/1"}],"replies":[{"embeddable":true,"href":"https:\/\/martinastoesselfrance.net\/Musica\/index.php?rest_route=%2Fwp%2Fv2%2Fcomments&post=534"}],"version-history":[{"count":41,"href":"https:\/\/martinastoesselfrance.net\/Musica\/index.php?rest_route=\/wp\/v2\/pages\/534\/revisions"}],"predecessor-version":[{"id":622,"href":"https:\/\/martinastoesselfrance.net\/Musica\/index.php?rest_route=\/wp\/v2\/pages\/534\/revisions\/622"}],"wp:attachment":[{"href":"https:\/\/martinastoesselfrance.net\/Musica\/index.php?rest_route=%2Fwp%2Fv2%2Fmedia&parent=534"}],"curies":[{"name":"wp","href":"https:\/\/api.w.org\/{rel}","templated":true}]}}